{"id":614,"date":"2019-09-30T09:08:33","date_gmt":"2019-09-30T07:08:33","guid":{"rendered":"https:\/\/www.buergel-schule-eberswalde.de\/?page_id=614"},"modified":"2020-12-01T20:17:20","modified_gmt":"2020-12-01T18:17:20","slug":"lehrkraeftebedarf","status":"publish","type":"page","link":"https:\/\/www.buergel-schule-eberswalde.de\/index.php\/lehrkraeftebedarf\/","title":{"rendered":"Lehrkr\u00e4ftebedarf"},"content":{"rendered":"<p><span style=\"line-height: 1.5em;\">Mit diesem Schreiben m\u00f6chten wir auf die M\u00f6glichkeit der Schulen\u00a0in selbst\u00e4ndigem Handeln zur Akquirierung von kurzzeitigen Vertretungslehrkr\u00e4ften und \u00fcber den Lehrkr\u00e4ftebedarf im laufenden und\/oder kommenden Schuljahr informieren.<\/span><\/p>\n<p><!--more--><\/p>\n<p style=\"padding-left: 30px;\"><span style=\"color: #ff0000;\"><strong>Bedarf ab Schuljahr 2020\/21<\/strong><\/span><br \/>\n<span style=\"color: #339966;\"><strong>\u00a0\u00a0<\/strong><\/span><\/p>\n<p style=\"padding-left: 30px;\"><strong><em>Grundschullehrkraft (JST 1-6) ab 01.02.2021 und ab 01.08.2021<\/em><\/strong><\/p>\n<p style=\"padding-left: 30px;\">(Klassenleitert\u00e4tigkeit vorausgesetzt)<\/p>\n<p style=\"padding-left: 30px;\"><em><strong>Vertretungslehrkr\u00e4fte<\/strong>\u00a0 (befristet, s.u.) Deutsch, Mathematik<\/em><\/p>\n<p>&nbsp;<\/p>\n<p>_________________________________________________________________________________________<\/p>\n<p>Mit Datum vom 20.1.2014 hat u.a. auch unsere Schule ein Vertretungsbudget erhalten.<br \/>\nDamit wird uns vor Ort die M\u00f6glichkeit gegeben, den kurz- oder mittelfristigen Vertretungsbedarf (1. bis 6. Woche der Erkrankung) selbst zu regulieren.<br \/>\nGelingt dieses, wird der Unterrichtsausfall reduziert.<br \/>\nHauptzielgruppen sind Referendare mit 1. Staatsexamen, im Ruhestand bzw. in Altersrente befindliche Lehrkr\u00e4fte und Teilzeitlehrkr\u00e4fte (zeitw. Stundenaufstockung).<br \/>\nFerner k\u00f6nnen auch Studierende ohne Zwischenabschluss und Personen mit affinen Hochschulabschl\u00fcssen eingesetzt werden.<br \/>\nAlle, die sich f\u00fcr einen m\u00f6glichen Einsatz zuerst einmal generell vorstellen k\u00f6nnen, haben folgende Unterlagen f\u00fcr die Schule beizubringen:<br \/>\nAktuelle Vita mit Kontaktdaten (Tel., Mail, Anschrift), Zeugnisse \u00fcber Lehrbef\u00e4higungen, Hochschul-Abschl\u00fcsse etc.<br \/>\nWir w\u00fcrden uns\u00a0freuen, von Ihnen positive Unterst\u00fctzung zu bekommen.<br \/>\nAllen Personen, die sich das Unterrichten an unserer Schule, unabh\u00e4ngig von der Jahrgangsstufe, den Fachbedarfen und Einsatzzeiten, vorstellen k\u00f6nnen, stehen wir\u00a0gern kurzfristig zu einem Gespr\u00e4ch zur Verf\u00fcgung.<br \/>\nHaben Sie schon jetzt vielen Dank f\u00fcr die Mithilfe!<\/p>\n<p>Mit freundlichen Gr\u00fc\u00dfen<\/p>\n<p>i.A. Schulleitung<span style=\"color: #ff0000;\"><strong><br \/>\n<\/strong><\/span><\/p>\n<p><span style=\"color: #ff0000;\"><strong>\u00a0\u00a0\u00a0\u00a0\u00a0\u00a0\u00a0\u00a0\u00a0\u00a0\u00a0\u00a0\u00a0\u00a0\u00a0\u00a0\u00a0\u00a0\u00a0\u00a0\u00a0\u00a0\u00a0\u00a0\u00a0\u00a0\u00a0\u00a0\u00a0\u00a0\u00a0\u00a0\u00a0<\/strong><\/span><\/p>\n","protected":false},"excerpt":{"rendered":"<p>Mit diesem Schreiben m\u00f6chten wir auf die M\u00f6glichkeit der Schulen\u00a0in selbst\u00e4ndigem Handeln zur Akquirierung von kurzzeitigen Vertretungslehrkr\u00e4ften und \u00fcber den Lehrkr\u00e4ftebedarf im laufenden und\/oder kommenden Schuljahr informieren.<\/p>\n","protected":false},"author":1,"featured_media":0,"parent":0,"menu_order":0,"comment_status":"closed","ping_status":"closed","template":"","meta":{"footnotes":""},"class_list":["post-614","page","type-page","status-publish","hentry","no-featured-image"],"_links":{"self":[{"href":"https:\/\/www.buergel-schule-eberswalde.de\/index.php\/wp-json\/wp\/v2\/pages\/614","targetHints":{"allow":["GET"]}}],"collection":[{"href":"https:\/\/www.buergel-schule-eberswalde.de\/index.php\/wp-json\/wp\/v2\/pages"}],"about":[{"href":"https:\/\/www.buergel-schule-eberswalde.de\/index.php\/wp-json\/wp\/v2\/types\/page"}],"author":[{"embeddable":true,"href":"https:\/\/www.buergel-schule-eberswalde.de\/index.php\/wp-json\/wp\/v2\/users\/1"}],"replies":[{"embeddable":true,"href":"https:\/\/www.buergel-schule-eberswalde.de\/index.php\/wp-json\/wp\/v2\/comments?post=614"}],"version-history":[{"count":7,"href":"https:\/\/www.buergel-schule-eberswalde.de\/index.php\/wp-json\/wp\/v2\/pages\/614\/revisions"}],"predecessor-version":[{"id":1076,"href":"https:\/\/www.buergel-schule-eberswalde.de\/index.php\/wp-json\/wp\/v2\/pages\/614\/revisions\/1076"}],"wp:attachment":[{"href":"https:\/\/www.buergel-schule-eberswalde.de\/index.php\/wp-json\/wp\/v2\/media?parent=614"}],"curies":[{"name":"wp","href":"https:\/\/api.w.org\/{rel}","templated":true}]}}

Lehrkräftebedarf

<p><span style="line-height: 1.5em;">Mit diesem Schreiben möchten wir auf die Möglichkeit der Schulen in selbständigem Handeln zur Akquirierung von kurzzeitigen Vertretungslehrkräften und über den Lehrkräftebedarf im laufenden und/oder kommenden Schuljahr informieren.</span></p>
<p><!--more--></p>
<p style="padding-left: 30px;"><span style="color: #ff0000;"><strong>Bedarf ab Schuljahr 2020/21</strong></span><br />
<span style="color: #339966;"><strong>  </strong></span></p>
<p style="padding-left: 30px;"><strong><em>Grundschullehrkraft (JST 1-6) ab 01.02.2021 und ab 01.08.2021</em></strong></p>
<p style="padding-left: 30px;">(Klassenleitertätigkeit vorausgesetzt)</p>
<p style="padding-left: 30px;"><em><strong>Vertretungslehrkräfte</strong>  (befristet, s.u.) Deutsch, Mathematik</em></p>
<p>&nbsp;</p>
<p>_________________________________________________________________________________________</p>
<p>Mit Datum vom 20.1.2014 hat u.a. auch unsere Schule ein Vertretungsbudget erhalten.<br />
Damit wird uns vor Ort die Möglichkeit gegeben, den kurz- oder mittelfristigen Vertretungsbedarf (1. bis 6. Woche der Erkrankung) selbst zu regulieren.<br />
Gelingt dieses, wird der Unterrichtsausfall reduziert.<br />
Hauptzielgruppen sind Referendare mit 1. Staatsexamen, im Ruhestand bzw. in Altersrente befindliche Lehrkräfte und Teilzeitlehrkräfte (zeitw. Stundenaufstockung).<br />
Ferner können auch Studierende ohne Zwischenabschluss und Personen mit affinen Hochschulabschlüssen eingesetzt werden.<br />
Alle, die sich für einen möglichen Einsatz zuerst einmal generell vorstellen können, haben folgende Unterlagen für die Schule beizubringen:<br />
Aktuelle Vita mit Kontaktdaten (Tel., Mail, Anschrift), Zeugnisse über Lehrbefähigungen, Hochschul-Abschlüsse etc.<br />
Wir würden uns freuen, von Ihnen positive Unterstützung zu bekommen.<br />
Allen Personen, die sich das Unterrichten an unserer Schule, unabhängig von der Jahrgangsstufe, den Fachbedarfen und Einsatzzeiten, vorstellen können, stehen wir gern kurzfristig zu einem Gespräch zur Verfügung.<br />
Haben Sie schon jetzt vielen Dank für die Mithilfe!</p>
<p>Mit freundlichen Grüßen</p>
<p>i.A. Schulleitung<span style="color: #ff0000;"><strong><br />
</strong></span></p>
<p><span style="color: #ff0000;"><strong>                                 </strong></span></p>

<p>Mit diesem Schreiben möchten wir auf die Möglichkeit der Schulen in selbständigem Handeln zur Akquirierung von kurzzeitigen Vertretungslehrkräften und über den Lehrkräftebedarf im laufenden und/oder kommenden Schuljahr informieren.</p>
