{"id":5,"date":"2014-03-13T14:27:37","date_gmt":"2014-03-13T12:27:37","guid":{"rendered":"http:\/\/neu.buergel-schule-eberswalde.de\/?page_id=5"},"modified":"2025-07-03T12:27:04","modified_gmt":"2025-07-03T10:27:04","slug":"impressum","status":"publish","type":"page","link":"https:\/\/www.buergel-schule-eberswalde.de\/index.php\/impressum\/","title":{"rendered":"Impressum"},"content":{"rendered":"<p><strong>komm. Schulleiterin<\/strong>: Frau Katrin Wegner<br \/>\n<strong>stellv. Schulleiterin<\/strong>: Frau Sylvia Bastian<br \/>\n<strong>inhaltliche Verantwortung<\/strong>: Schulleitung<\/p>\n<p><strong>Anschrift<\/strong>:<br \/>\nBruno-H.-B\u00fcrgel- Grundschule<br \/>\nSchulnummer: 105557<br \/>\n<span style=\"line-height: 1.5em;\">Breite Stra\u00dfe 69<br \/>\n<\/span>16225 Eberswalde<\/p>\n<p><strong>Telefon<\/strong>: (0 33 34) 23 34 4<br \/>\n<strong>Telefax<\/strong>: (0 33 34) 27 86 51<br \/>\n<strong>E-Mail<\/strong>: sekretariat@bhb-grundschule.de<\/p>\n<p>Schultr\u00e4gerin: Stadt Eberswalde<\/p>\n<h3>Hauftungsausschluss<\/h3>\n<p><span style=\"line-height: 1.5em;\">Mit dem Urteil vom 12. Mai 1998 hat das Landgericht Hamburg entschieden, dass man durch die Anbringung eines Links die Inhalte der gelinkten Seiten ggf. mit zu verantworten hat. Dies kann nur dadurch verhindert werden, dass man sich ausdr\u00fccklich von diesem Inhalt distanziert. F\u00fcr alle Links auf dieser Homepage gilt: Wir distanzieren uns hiermit ausdr\u00fccklich von allen Inhalten aller verlinkten Seitenadressen auf unserer Homepage und machen uns diese Inhalte nicht zu eigen.<\/span><\/p>\n","protected":false},"excerpt":{"rendered":"<p>komm. Schulleiterin: Frau Katrin Wegner stellv. Schulleiterin: Frau Sylvia Bastian inhaltliche Verantwortung: Schulleitung Anschrift: Bruno-H.-B\u00fcrgel- Grundschule Schulnummer: 105557 Breite Stra\u00dfe 69 16225 Eberswalde Telefon: (0 33 34) 23 34 4 Telefax: (0 33 34) 27 86 51 E-Mail: sekretariat@bhb-grundschule.de Schultr\u00e4gerin: Stadt Eberswalde Hauftungsausschluss Mit dem Urteil vom 12. Mai 1998 hat das Landgericht Hamburg entschieden, [&hellip;]<\/p>\n","protected":false},"author":1,"featured_media":0,"parent":0,"menu_order":1000,"comment_status":"closed","ping_status":"closed","template":"","meta":{"footnotes":""},"class_list":["post-5","page","type-page","status-publish","hentry","no-featured-image"],"_links":{"self":[{"href":"https:\/\/www.buergel-schule-eberswalde.de\/index.php\/wp-json\/wp\/v2\/pages\/5","targetHints":{"allow":["GET"]}}],"collection":[{"href":"https:\/\/www.buergel-schule-eberswalde.de\/index.php\/wp-json\/wp\/v2\/pages"}],"about":[{"href":"https:\/\/www.buergel-schule-eberswalde.de\/index.php\/wp-json\/wp\/v2\/types\/page"}],"author":[{"embeddable":true,"href":"https:\/\/www.buergel-schule-eberswalde.de\/index.php\/wp-json\/wp\/v2\/users\/1"}],"replies":[{"embeddable":true,"href":"https:\/\/www.buergel-schule-eberswalde.de\/index.php\/wp-json\/wp\/v2\/comments?post=5"}],"version-history":[{"count":11,"href":"https:\/\/www.buergel-schule-eberswalde.de\/index.php\/wp-json\/wp\/v2\/pages\/5\/revisions"}],"predecessor-version":[{"id":2281,"href":"https:\/\/www.buergel-schule-eberswalde.de\/index.php\/wp-json\/wp\/v2\/pages\/5\/revisions\/2281"}],"wp:attachment":[{"href":"https:\/\/www.buergel-schule-eberswalde.de\/index.php\/wp-json\/wp\/v2\/media?parent=5"}],"curies":[{"name":"wp","href":"https:\/\/api.w.org\/{rel}","templated":true}]}}