{"id":1593,"date":"2023-03-04T09:45:41","date_gmt":"2023-03-04T07:45:41","guid":{"rendered":"https:\/\/www.buergel-schule-eberswalde.de\/?page_id=1593"},"modified":"2024-04-03T11:42:41","modified_gmt":"2024-04-03T09:42:41","slug":"lehrkraefte","status":"publish","type":"page","link":"https:\/\/www.buergel-schule-eberswalde.de\/index.php\/lehrkraefte\/","title":{"rendered":"Lehrkr\u00e4fte"},"content":{"rendered":"\n<h2 class=\"wp-block-heading\"><a style=\"color: #993300;\" href=\"https:\/\/www.buergel-schule-eberswalde.de\/index.php\/kontaktadressen-der-lehrer\/\">Kontaktadressen und \u00dcbersicht der Lehrkr\u00e4fte<\/a><\/h2>\n\n\n\n<h5 class=\"wp-block-heading\">Bedarf Lehrer:innen 2024<\/h5>\n\n\n\n<p>Lehrer:innen im Rahmen des Vertretungsbudget gesucht!<\/p>\n\n\n\n<p>Sie haben vielleicht schon p\u00e4dagogische Erfahrungen und m\u00f6chten einige Stunden als Lehrkraft arbeiten?<\/p>\n\n\n\n<p>Dann melden Sie sich gern.<\/p>\n\n\n\n<p><\/p>\n","protected":false},"excerpt":{"rendered":"<p>Kontaktadressen und \u00dcbersicht der Lehrkr\u00e4fte Bedarf Lehrer:innen 2024 Lehrer:innen im Rahmen des Vertretungsbudget gesucht! Sie haben vielleicht schon p\u00e4dagogische Erfahrungen und m\u00f6chten einige Stunden als Lehrkraft arbeiten? Dann melden Sie sich gern.<\/p>\n","protected":false},"author":1,"featured_media":0,"parent":0,"menu_order":0,"comment_status":"closed","ping_status":"closed","template":"","meta":{"footnotes":""},"class_list":["post-1593","page","type-page","status-publish","hentry","no-featured-image"],"_links":{"self":[{"href":"https:\/\/www.buergel-schule-eberswalde.de\/index.php\/wp-json\/wp\/v2\/pages\/1593","targetHints":{"allow":["GET"]}}],"collection":[{"href":"https:\/\/www.buergel-schule-eberswalde.de\/index.php\/wp-json\/wp\/v2\/pages"}],"about":[{"href":"https:\/\/www.buergel-schule-eberswalde.de\/index.php\/wp-json\/wp\/v2\/types\/page"}],"author":[{"embeddable":true,"href":"https:\/\/www.buergel-schule-eberswalde.de\/index.php\/wp-json\/wp\/v2\/users\/1"}],"replies":[{"embeddable":true,"href":"https:\/\/www.buergel-schule-eberswalde.de\/index.php\/wp-json\/wp\/v2\/comments?post=1593"}],"version-history":[{"count":5,"href":"https:\/\/www.buergel-schule-eberswalde.de\/index.php\/wp-json\/wp\/v2\/pages\/1593\/revisions"}],"predecessor-version":[{"id":1950,"href":"https:\/\/www.buergel-schule-eberswalde.de\/index.php\/wp-json\/wp\/v2\/pages\/1593\/revisions\/1950"}],"wp:attachment":[{"href":"https:\/\/www.buergel-schule-eberswalde.de\/index.php\/wp-json\/wp\/v2\/media?parent=1593"}],"curies":[{"name":"wp","href":"https:\/\/api.w.org\/{rel}","templated":true}]}}