{"id":1070,"date":"2020-12-01T20:12:22","date_gmt":"2020-12-01T18:12:22","guid":{"rendered":"https:\/\/www.buergel-schule-eberswalde.de\/?page_id=1070"},"modified":"2020-12-01T20:12:22","modified_gmt":"2020-12-01T18:12:22","slug":"archiv-2019","status":"publish","type":"page","link":"https:\/\/www.buergel-schule-eberswalde.de\/index.php\/archiv-2019\/","title":{"rendered":"Archiv 2019"},"content":{"rendered":"<h3><\/h3>\n<h3><\/h3>\n<p>&nbsp;<\/p>\n<p><a href=\"https:\/\/www.buergel-schule-eberswalde.de\/index.php\/treppensingen-2019\/\">Treppensingen 2019<\/a><\/p>\n<p><img loading=\"lazy\" decoding=\"async\" class=\"alignnone size-thumbnail wp-image-731\" src=\"https:\/\/www.buergel-schule-eberswalde.de\/wp-content\/uploads\/2019\/09\/IMG_6142-120x120.jpg\" alt=\"\" width=\"120\" height=\"120\" srcset=\"https:\/\/www.buergel-schule-eberswalde.de\/wp-content\/uploads\/2019\/09\/IMG_6142-120x120.jpg 120w, https:\/\/www.buergel-schule-eberswalde.de\/wp-content\/uploads\/2019\/09\/IMG_6142-248x250.jpg 248w, https:\/\/www.buergel-schule-eberswalde.de\/wp-content\/uploads\/2019\/09\/IMG_6142-768x776.jpg 768w, https:\/\/www.buergel-schule-eberswalde.de\/wp-content\/uploads\/2019\/09\/IMG_6142-800x808.jpg 800w, https:\/\/www.buergel-schule-eberswalde.de\/wp-content\/uploads\/2019\/09\/IMG_6142.jpg 1008w\" sizes=\"auto, (max-width: 120px) 100vw, 120px\" \/><\/p>\n<p>&nbsp;<\/p>\n<p><a href=\"https:\/\/www.buergel-schule-eberswalde.de\/index.php\/spendenuebergabe-tierheim-ladeburg-2019-2\/\">Spenden\u00fcbergabe Tierheim Ladeburg 2019<\/a><\/p>\n<p><img loading=\"lazy\" decoding=\"async\" class=\"alignnone size-thumbnail wp-image-724\" src=\"https:\/\/www.buergel-schule-eberswalde.de\/wp-content\/uploads\/2019\/09\/DSCN6976-120x120.jpeg\" alt=\"\" width=\"120\" height=\"120\" \/><\/p>\n<p>&nbsp;<\/p>\n<p><a href=\"https:\/\/www.buergel-schule-eberswalde.de\/index.php\/aktuelles\/spendenuebergabe-suppenkueche-2019\/\">Spenden\u00fcbergabe Suppenk\u00fcche 2019<\/a><\/p>\n<p><img loading=\"lazy\" decoding=\"async\" class=\"alignnone size-thumbnail wp-image-713\" src=\"https:\/\/www.buergel-schule-eberswalde.de\/wp-content\/uploads\/2019\/09\/Vorschau-120x120.jpg\" alt=\"\" width=\"120\" height=\"120\" \/><\/p>\n<p>&nbsp;<\/p>\n<p><a href=\"https:\/\/www.buergel-schule-eberswalde.de\/index.php\/besuch-der-polizei\/\">Besuch der Polizei 2019<\/a><\/p>\n<p><img loading=\"lazy\" decoding=\"async\" class=\"alignnone size-thumbnail wp-image-702\" src=\"https:\/\/www.buergel-schule-eberswalde.de\/wp-content\/uploads\/2019\/09\/IMG_4046-120x120.jpg\" alt=\"\" width=\"120\" height=\"120\" srcset=\"https:\/\/www.buergel-schule-eberswalde.de\/wp-content\/uploads\/2019\/09\/IMG_4046-120x120.jpg 120w, https:\/\/www.buergel-schule-eberswalde.de\/wp-content\/uploads\/2019\/09\/IMG_4046-250x250.jpg 250w, https:\/\/www.buergel-schule-eberswalde.de\/wp-content\/uploads\/2019\/09\/IMG_4046.jpg 547w\" sizes=\"auto, (max-width: 120px) 100vw, 120px\" \/><\/p>\n<p>&nbsp;<\/p>\n<p><a href=\"https:\/\/www.buergel-schule-eberswalde.de\/index.php\/theaterfahrt-schwedt-05-12-2019-2\/\">Theaterfahrt nach Schwedt 2019<\/a><\/p>\n<p><img loading=\"lazy\" decoding=\"async\" class=\"alignnone size-thumbnail wp-image-768\" src=\"https:\/\/www.buergel-schule-eberswalde.de\/wp-content\/uploads\/2019\/09\/IMG_6072-120x120.jpg\" alt=\"\" width=\"120\" height=\"120\" srcset=\"https:\/\/www.buergel-schule-eberswalde.de\/wp-content\/uploads\/2019\/09\/IMG_6072-120x120.jpg 120w, https:\/\/www.buergel-schule-eberswalde.de\/wp-content\/uploads\/2019\/09\/IMG_6072-250x248.jpg 250w, https:\/\/www.buergel-schule-eberswalde.de\/wp-content\/uploads\/2019\/09\/IMG_6072-768x762.jpg 768w, https:\/\/www.buergel-schule-eberswalde.de\/wp-content\/uploads\/2019\/09\/IMG_6072-1024x1016.jpg 1024w, https:\/\/www.buergel-schule-eberswalde.de\/wp-content\/uploads\/2019\/09\/IMG_6072-800x793.jpg 800w, https:\/\/www.buergel-schule-eberswalde.de\/wp-content\/uploads\/2019\/09\/IMG_6072.jpg 1216w\" sizes=\"auto, (max-width: 120px) 100vw, 120px\" \/><\/p>\n<p>&nbsp;<\/p>\n<p><a href=\"https:\/\/www.buergel-schule-eberswalde.de\/index.php\/aktuelles\/blaeserklassenfahrt-2019\/\"><span id=\"sample-permalink\">Bl\u00e4serklassenfahrt 2019<\/span><\/a><\/p>\n<p><img loading=\"lazy\" decoding=\"async\" class=\"alignnone size-thumbnail wp-image-691\" src=\"https:\/\/www.buergel-schule-eberswalde.de\/wp-content\/uploads\/2020\/01\/Blf9-120x120.jpg\" alt=\"\" width=\"120\" height=\"120\" \/><\/p>\n<p>&nbsp;<\/p>\n<p><a href=\"https:\/\/www.buergel-schule-eberswalde.de\/index.php\/spendenlauf-25-09-2019\/\">Spendenlauf 25.09.2019<\/a><\/p>\n<p><a href=\"https:\/\/www.buergel-schule-eberswalde.de\/index.php\/spendenlauf-25-09-2019\/\"><img loading=\"lazy\" decoding=\"async\" class=\"alignnone size-thumbnail wp-image-558\" src=\"https:\/\/www.buergel-schule-eberswalde.de\/wp-content\/uploads\/2019\/09\/bild-spendenlauf-120x120.jpg\" alt=\"\" width=\"120\" height=\"120\" \/><\/a><\/p>\n<p>&nbsp;<\/p>\n<p><a href=\"https:\/\/www.buergel-schule-eberswalde.de\/index.php\/aktuelles\/eberswalder-stadtlauf-2019\/\">Stadtlauf Eberswalde 2019<\/a><\/p>\n<p><img loading=\"lazy\" decoding=\"async\" class=\"alignnone size-thumbnail wp-image-416\" src=\"https:\/\/www.buergel-schule-eberswalde.de\/wp-content\/uploads\/2019\/09\/IMG-20190915-WA0000-120x120.jpg\" alt=\"\" width=\"120\" height=\"120\" \/><\/p>\n<p>&nbsp;<\/p>\n<p><a href=\"https:\/\/www.buergel-schule-eberswalde.de\/index.php\/aktuelles\/1-buergel-gesundheitstag\/\">1. B\u00fcrgel &#8211; Gesundheitstag 06.09.2019<\/a><\/p>\n<p><img loading=\"lazy\" decoding=\"async\" class=\"alignnone size-thumbnail wp-image-406\" src=\"https:\/\/www.buergel-schule-eberswalde.de\/wp-content\/uploads\/2019\/09\/DSCN3458-120x120.jpg\" alt=\"\" width=\"120\" height=\"120\" \/><\/p>\n<p>&nbsp;<\/p>\n<p><a href=\"https:\/\/www.buergel-schule-eberswalde.de\/index.php\/aktuelles\/einschulung-2019\/\">Einschulung 2019<\/a><\/p>\n<p><img loading=\"lazy\" decoding=\"async\" class=\"alignnone size-thumbnail wp-image-609\" src=\"https:\/\/www.buergel-schule-eberswalde.de\/wp-content\/uploads\/2019\/09\/8-klein-1-120x120.jpg\" alt=\"\" width=\"120\" height=\"120\" \/><\/p>\n","protected":false},"excerpt":{"rendered":"<p>&nbsp; Treppensingen 2019 &nbsp; Spenden\u00fcbergabe Tierheim Ladeburg 2019 &nbsp; Spenden\u00fcbergabe Suppenk\u00fcche 2019 &nbsp; Besuch der Polizei 2019 &nbsp; Theaterfahrt nach Schwedt 2019 &nbsp; Bl\u00e4serklassenfahrt 2019 &nbsp; Spendenlauf 25.09.2019 &nbsp; Stadtlauf Eberswalde 2019 &nbsp; 1. B\u00fcrgel &#8211; Gesundheitstag 06.09.2019 &nbsp; Einschulung 2019<\/p>\n","protected":false},"author":1,"featured_media":0,"parent":0,"menu_order":0,"comment_status":"closed","ping_status":"closed","template":"","meta":{"footnotes":""},"class_list":["post-1070","page","type-page","status-publish","hentry","no-featured-image"],"_links":{"self":[{"href":"https:\/\/www.buergel-schule-eberswalde.de\/index.php\/wp-json\/wp\/v2\/pages\/1070","targetHints":{"allow":["GET"]}}],"collection":[{"href":"https:\/\/www.buergel-schule-eberswalde.de\/index.php\/wp-json\/wp\/v2\/pages"}],"about":[{"href":"https:\/\/www.buergel-schule-eberswalde.de\/index.php\/wp-json\/wp\/v2\/types\/page"}],"author":[{"embeddable":true,"href":"https:\/\/www.buergel-schule-eberswalde.de\/index.php\/wp-json\/wp\/v2\/users\/1"}],"replies":[{"embeddable":true,"href":"https:\/\/www.buergel-schule-eberswalde.de\/index.php\/wp-json\/wp\/v2\/comments?post=1070"}],"version-history":[{"count":2,"href":"https:\/\/www.buergel-schule-eberswalde.de\/index.php\/wp-json\/wp\/v2\/pages\/1070\/revisions"}],"predecessor-version":[{"id":1072,"href":"https:\/\/www.buergel-schule-eberswalde.de\/index.php\/wp-json\/wp\/v2\/pages\/1070\/revisions\/1072"}],"wp:attachment":[{"href":"https:\/\/www.buergel-schule-eberswalde.de\/index.php\/wp-json\/wp\/v2\/media?parent=1070"}],"curies":[{"name":"wp","href":"https:\/\/api.w.org\/{rel}","templated":true}]}}

<h3></h3>
<h3></h3>
<p>&nbsp;</p>
<p><a href="https://www.buergel-schule-eberswalde.de/index.php/treppensingen-2019/">Treppensingen 2019</a></p>
<p><img loading="lazy" decoding="async" class="alignnone size-thumbnail wp-image-731" src="https://www.buergel-schule-eberswalde.de/wp-content/uploads/2019/09/IMG_6142-120x120.jpg" alt="" width="120" height="120" srcset="https://www.buergel-schule-eberswalde.de/wp-content/uploads/2019/09/IMG_6142-120x120.jpg 120w, https://www.buergel-schule-eberswalde.de/wp-content/uploads/2019/09/IMG_6142-248x250.jpg 248w, https://www.buergel-schule-eberswalde.de/wp-content/uploads/2019/09/IMG_6142-768x776.jpg 768w, https://www.buergel-schule-eberswalde.de/wp-content/uploads/2019/09/IMG_6142-800x808.jpg 800w, https://www.buergel-schule-eberswalde.de/wp-content/uploads/2019/09/IMG_6142.jpg 1008w" sizes="auto, (max-width: 120px) 100vw, 120px" /></p>
<p>&nbsp;</p>
<p><a href="https://www.buergel-schule-eberswalde.de/index.php/spendenuebergabe-tierheim-ladeburg-2019-2/">Spendenübergabe Tierheim Ladeburg 2019</a></p>
<p><img loading="lazy" decoding="async" class="alignnone size-thumbnail wp-image-724" src="https://www.buergel-schule-eberswalde.de/wp-content/uploads/2019/09/DSCN6976-120x120.jpeg" alt="" width="120" height="120" /></p>
<p>&nbsp;</p>
<p><a href="https://www.buergel-schule-eberswalde.de/index.php/aktuelles/spendenuebergabe-suppenkueche-2019/">Spendenübergabe Suppenküche 2019</a></p>
<p><img loading="lazy" decoding="async" class="alignnone size-thumbnail wp-image-713" src="https://www.buergel-schule-eberswalde.de/wp-content/uploads/2019/09/Vorschau-120x120.jpg" alt="" width="120" height="120" /></p>
<p>&nbsp;</p>
<p><a href="https://www.buergel-schule-eberswalde.de/index.php/besuch-der-polizei/">Besuch der Polizei 2019</a></p>
<p><img loading="lazy" decoding="async" class="alignnone size-thumbnail wp-image-702" src="https://www.buergel-schule-eberswalde.de/wp-content/uploads/2019/09/IMG_4046-120x120.jpg" alt="" width="120" height="120" srcset="https://www.buergel-schule-eberswalde.de/wp-content/uploads/2019/09/IMG_4046-120x120.jpg 120w, https://www.buergel-schule-eberswalde.de/wp-content/uploads/2019/09/IMG_4046-250x250.jpg 250w, https://www.buergel-schule-eberswalde.de/wp-content/uploads/2019/09/IMG_4046.jpg 547w" sizes="auto, (max-width: 120px) 100vw, 120px" /></p>
<p>&nbsp;</p>
<p><a href="https://www.buergel-schule-eberswalde.de/index.php/theaterfahrt-schwedt-05-12-2019-2/">Theaterfahrt nach Schwedt 2019</a></p>
<p><img loading="lazy" decoding="async" class="alignnone size-thumbnail wp-image-768" src="https://www.buergel-schule-eberswalde.de/wp-content/uploads/2019/09/IMG_6072-120x120.jpg" alt="" width="120" height="120" srcset="https://www.buergel-schule-eberswalde.de/wp-content/uploads/2019/09/IMG_6072-120x120.jpg 120w, https://www.buergel-schule-eberswalde.de/wp-content/uploads/2019/09/IMG_6072-250x248.jpg 250w, https://www.buergel-schule-eberswalde.de/wp-content/uploads/2019/09/IMG_6072-768x762.jpg 768w, https://www.buergel-schule-eberswalde.de/wp-content/uploads/2019/09/IMG_6072-1024x1016.jpg 1024w, https://www.buergel-schule-eberswalde.de/wp-content/uploads/2019/09/IMG_6072-800x793.jpg 800w, https://www.buergel-schule-eberswalde.de/wp-content/uploads/2019/09/IMG_6072.jpg 1216w" sizes="auto, (max-width: 120px) 100vw, 120px" /></p>
<p>&nbsp;</p>
<p><a href="https://www.buergel-schule-eberswalde.de/index.php/aktuelles/blaeserklassenfahrt-2019/"><span id="sample-permalink">Bläserklassenfahrt 2019</span></a></p>
<p><img loading="lazy" decoding="async" class="alignnone size-thumbnail wp-image-691" src="https://www.buergel-schule-eberswalde.de/wp-content/uploads/2020/01/Blf9-120x120.jpg" alt="" width="120" height="120" /></p>
<p>&nbsp;</p>
<p><a href="https://www.buergel-schule-eberswalde.de/index.php/spendenlauf-25-09-2019/">Spendenlauf 25.09.2019</a></p>
<p><a href="https://www.buergel-schule-eberswalde.de/index.php/spendenlauf-25-09-2019/"><img loading="lazy" decoding="async" class="alignnone size-thumbnail wp-image-558" src="https://www.buergel-schule-eberswalde.de/wp-content/uploads/2019/09/bild-spendenlauf-120x120.jpg" alt="" width="120" height="120" /></a></p>
<p>&nbsp;</p>
<p><a href="https://www.buergel-schule-eberswalde.de/index.php/aktuelles/eberswalder-stadtlauf-2019/">Stadtlauf Eberswalde 2019</a></p>
<p><img loading="lazy" decoding="async" class="alignnone size-thumbnail wp-image-416" src="https://www.buergel-schule-eberswalde.de/wp-content/uploads/2019/09/IMG-20190915-WA0000-120x120.jpg" alt="" width="120" height="120" /></p>
<p>&nbsp;</p>
<p><a href="https://www.buergel-schule-eberswalde.de/index.php/aktuelles/1-buergel-gesundheitstag/">1. Bürgel &#8211; Gesundheitstag 06.09.2019</a></p>
<p><img loading="lazy" decoding="async" class="alignnone size-thumbnail wp-image-406" src="https://www.buergel-schule-eberswalde.de/wp-content/uploads/2019/09/DSCN3458-120x120.jpg" alt="" width="120" height="120" /></p>
<p>&nbsp;</p>
<p><a href="https://www.buergel-schule-eberswalde.de/index.php/aktuelles/einschulung-2019/">Einschulung 2019</a></p>
<p><img loading="lazy" decoding="async" class="alignnone size-thumbnail wp-image-609" src="https://www.buergel-schule-eberswalde.de/wp-content/uploads/2019/09/8-klein-1-120x120.jpg" alt="" width="120" height="120" /></p>

<p>&nbsp; Treppensingen 2019 &nbsp; Spendenübergabe Tierheim Ladeburg 2019 &nbsp; Spendenübergabe Suppenküche 2019 &nbsp; Besuch der Polizei 2019 &nbsp; Theaterfahrt nach Schwedt 2019 &nbsp; Bläserklassenfahrt 2019 &nbsp; Spendenlauf 25.09.2019 &nbsp; Stadtlauf Eberswalde 2019 &nbsp; 1. Bürgel &#8211; Gesundheitstag 06.09.2019 &nbsp; Einschulung 2019</p>
